2*a**2. Let m = 6 + -11. What are the prime factors of l(m)?
191
Let u be (5 - (5 - 1))*34*1. Let z = u + 13. Suppose z = y - 3. List the prime factors of y.
2, 5
Let s be (5/(-5))/(4/(-16)). Suppose -s*v = 2*t - 400, 2 = v - 1. What are the prime factors of t?
2, 97
Suppose 11 = -3*d - 10. Let g(b) = -6*b**2 - 13*b - 1. Let f(k) = 7*k**2 + 12*k. Let h(u) = -3*f(u) - 4*g(u). List the prime factors of h(d).
3, 13
Let o(z) = -2*z**2 - 41*z - 13. Let b be o(-20). Suppose 1010 + 208 = b*v. List the prime factors of v.
2, 3, 29
Suppose 2*u - 4816 - 682 = -t, -2*t = -5*u + 13763. Suppose 10*w = u + 5749. List the prime factors of w.
2, 5, 17
Let g(h) = -h + 30. Let p(l) = l - 15. Let v(o) = 3*g(o) + 7*p(o). Let s be v(6). Suppose -58 = -11*k + s*k. What are the prime factors of k?
29
Suppose 0 = 137*d - 13*d - 439332. What are the prime factors of d?
3, 1181
Let k be ((-40)/(-30))/(-1 + 2/6). What are the prime factors of k/(8*-1) - 157821/(-124)?
19, 67
Let x(i) = -8*i + i**3 + 21*i**2 - 23 - 19*i**2 + 7*i**2 + 15*i. What are the prime factors of x(-7)?
2, 13
Let r be 9 + -7 + (936 - -1) - 5. Suppose 0*o - 2*o = 2*a - r, 3*a - o = 1413. What are the prime factors of a?
2, 5, 47
List the prime factors of 302 - (-13 + -4 + 4).
3, 5, 7
Suppose t + 5*u - 7076 = 0, -494*t = -491*t + 5*u - 21208. List the prime factors of t.
2, 3533
Let p be (-291)/(-194)*(-2)/(-1). Suppose -4*m - 3401 = -p*o - 753, -5*m = -o + 890. What are the prime factors of o?
2, 5, 11
Let m(g) = 3 + 6 - 24*g - 112 + 35*g. What are the prime factors of m(13)?
2, 5
Let y = 121 + -119. Suppose -y*t = -1160 + 244. List the prime factors of t.
2, 229
Suppose 4*w + 110 = -18*w. What are the prime factors of (-2*9/4)/(w/1070)?
3, 107
Suppose -2*d + 3*i - 126 = 0, -2*i = -1 + 5. Let v = -13 + d. Let k = -60 - v. List the prime factors of k.
19
Let n = -4617 - 167147. What are the prime factors of (n/(-230))/((-2)/(-5))?
1867
Suppose 11 + 46 = -p + 2*i, 4*i - 55 = p. Let y = p - -62. Suppose d - 149 = -2*g, 0*d - y*d + 3*g = -483. List the prime factors of d.
157
Let f(t) = -3*t**2 + 28*t + 23. Let a be f(10). What are the prime factors of 648 - a/6*-2?
11, 59
Let z(h) = -h**2 + 25. Let m be z(-5). Suppose -2*t + 9*t + 168 = m. List the prime factors of (-6)/(-8) - (-243)/t*-10.
2, 3, 17
Let v(g) = 80*g**2 + 5*g + 15. Let n(u) = u**3 + 13*u**2 - 113*u + 15. Let b be n(-19). List the prime factors of v(b).
3, 5, 17
Let r be 5/((-279)/54 - -6). Suppose r*d = d + 7590. What are the prime factors of d?
2, 3, 11, 23
Suppose -4 = l - 42. Let t = 26 - l. List the prime factors of (-178)/(-8)*(t + 16).
89
Let n = 131262 + -69332. What are the prime factors of n?
2, 5, 11, 563
Suppose 3*r = -b + 16, -3*r - 2*b + 31 = -4*b. Let t = 14173 - 14160. Let j = r + t. List the prime factors of j.
2, 5
Let l be (2 - 2)*3/(-6). Suppose l = 18*q - 13*q - 40. Suppose -q*m + 15*m - 854 = 0. What are the prime factors of m?
2, 61
Suppose 2*s + 2*g = 13690, -2*s + 4*g - 6842 = -3*s. What are the prime factors of s?
2, 3, 7, 163
Suppose -476 = -8*r - 124. What are the prime factors of ((-6)/(-33) - 74/r)*-310?
3, 5, 31
List the prime factors of 450/(14 + 11) + 33236.
2, 13, 1279
Suppose 3*x + 28 = 2*z + 5*x, 2*z - 28 = 5*x. Suppose -60 = -z*i + 16*i. Let c = i - -60. What are the prime factors of c?
2, 3, 5
Let g = 249 + -250. What are the prime factors of (-14)/77 - ((-17232)/(-33))/g?
2, 3, 29
Let z = -159 + 152. Let m(h) be the first derivative of -21*h**2/2 - 26*h + 1. List the prime factors of m(z).
11
Suppose z - 27 = -3*f, 0 = 2*f + 10*z - 15*z - 18. Suppose -17*c = -f*c - 3136. What are the prime factors of c?
2, 7
Suppose 39*f = -226 - 320. List the prime factors of (-12)/112*8 + (-11744)/f.
2, 419
Suppose 12 = d + 3*a, 3*d - d - 5*a = 24. Suppose d*n - 6544 - 3932 = 0. List the prime factors of n.
3, 97
Suppose 4*w = s - 8339, -2*s + 16648 = 8*w - 6*w. Suppose s = 6*r - 247. What are the prime factors of r?
1429
What are the prime factors of (-1)/4 - (-8 + 404495/(-28) + 5)?
14449
Let j(d) be the second derivative of 13*d**5/120 - d**4/12 - d**3/6 - 15*d. Let h(n) be the second derivative of j(n). List the prime factors of h(12).
2, 7, 11
What are the prime factors of 11 - (25/5)/(2/(-18838))?
2, 3, 2617
Suppose -7 + 25 = 6*c. Suppose 26 = h + 3*d, -c*d = -h + 2*d + 50. List the prime factors of (-6)/(-10) - 1 - (-6734)/h.
2, 3
What are the prime factors of 18/(-90) + 48861/5?
2, 7, 349
Let k = -3830 + 5958. Suppose h = 20*h - k. What are the prime factors of h?
2, 7
Let w = 36099 - 23684. List the prime factors of w.
5, 13, 191
Let j(g) = -23*g - 5. Let m be j(5). Let r be (-758)/(-3) + (-11)/(-33). Let w = m + r. List the prime factors of w.
7, 19
Let g be ((-8)/(-4 + -4))/(1/2). Let y(v) = 1 + g*v**2 + 23*v - v**2 - 23 + 5*v**2. What are the prime factors of y(-9)?
257
Let w be -2*((-2)/(-4) + 0) - 3. Let v = -2 - w. Suppose 4*u - 3*i = -20 + 255, v*u + 5*i = 85. List the prime factors of u.
5, 11
Let g be (-206)/(-42) - 12/(-126). Suppose -22*a = -19*a - g*j - 2934, -4*a = -2*j - 3926. List the prime factors of a.
983
Suppose 5*a - 27*k - 127148 = -24*k, -5*a - 5*k = -127140. What are the prime factors of a?
59, 431
Suppose -26*y + 94732 = 18*y. What are the prime factors of y?
2153
Suppose 4*w = -5*o + 59296 + 29982, 5*o - 89272 = -w. List the prime factors of o.
2, 79, 113
Let x(z) = z**2 + 11*z - 50. Let p(a) = 3*a**2 + 32*a - 150. Let q(u) = 3*p(u) - 8*x(u). Let y be q(-12). What are the prime factors of 1845/30 - 3/y?
3, 7
Let m = 10 - 10. Suppose -3*y - 4*f + 148 + 84 = 0, m = 2*y - 2*f - 136. List the prime factors of 16/y + 1924/9.
2, 107
Let r = 39073 - 22658. What are the prime factors of r?
5, 7, 67
Let a = 39 - 34. Suppose f = a*t - 1, t - 5*t - 3 = 3*f. Let c(w) = 2*w**2. What are the prime factors of c(f)?
2
Suppose -14*x - 5 = -15*x. Suppose -4*h + 680 = -4*f, 5*h - 683 = h + x*f. What are the prime factors of h?
167
Let a be (-180 + 3)*2*(-20)/8. List the prime factors of 8/2 - a/(-15).
3, 7
Suppose -132*f - 3945026 = -228*f - 206*f. What are the prime factors of f?
13063
Let t be -2*((-32)/8 - 2/4). Let z(s) = 2*s**3 - 15*s**2 - s - 12. List the prime factors of z(t).
2, 3, 37
What are the prime factors of 14/(-12)*(-3 - (14748 - -3))?
7, 2459
Let k(j) = j**3 - 7*j**2 + j - 5. Let d be k(7). Suppose -104 = -51*f + 202. List the prime factors of d/(-6) + 1178/f + -3.
193
Suppose 4*n - 1035 = -m, 4*m - 43*n - 4107 = -48*n. What are the prime factors of m?
3, 11, 31
Let v = -2711 - -1579. Let s = 1826 + v. What are the prime factors of s?
2, 347
Suppose -2*r + 60208 = m, 3*r + 2*m - 133486 = -43174. List the prime factors of r.
2, 53, 71
Let j = 6914 - -6421. What are the prime factors of j?
3, 5, 7, 127
Let a be (-3)/3 + (-2)/(-1). Let t be (a - 2/6)*(-22 + 10). What are the prime factors of (-230)/(-3) + t/12?
2, 19
What are the prime factors of (-11)/((-55)/(-30))*(594 + -1)*-2?
2, 3, 593
Suppose -10*y - 1789 + 53379 = 0. List the prime factors of y.
7, 11, 67
Let n(j) = j**3 - 6*j**2 - 22*j + 13. Let k be n(7). Let q = 541 - 383. Let h = q + k. List the prime factors of h.
2, 3, 11
Suppose -46*f + 184 + 322 = 0. What are the prime factors of ((-4685)/2)/(-5)*(-9 + f)?
937
Suppose 0 = 6*b - 2*b - 700. Suppose -46*y + 40*y = -84. Let r = y + b. List the prime factors of r.
3, 7
Let a(b) = 232*b + 24. Let o be a(1). Suppose -5*h = -4321 + o. List the prime factors of h.
3, 271
Let s(t) = t - 5. Let j be s(9). Let o be -4 + j/(-3)*-3. Suppose o = -2*w - 9 + 1, 4*w + 37 = 3*p. What are the prime factors of p?
7
Let i = 586 - 235. Suppose -10*m + 14839 + i = 0. What are the prime factors of m?
7, 31
Let q(k) = k - 9. Let x be q(9). Suppose 2*p - 8 = -x*p. Suppose -6*c = -c + r - 674, -4*r = -p*c + 544. List the prime factors of c.
3, 5
Let u(h) be the third derivative of 17*h**4/24 + 13*h**3/6 + 59*h**2. What are the prime factors of u(14)?
251
Let v(d) = -d**2 + 13*d + 17. Suppose -23*z + 18*z = -70. Let c be v(z). Let n = c - -67. List the prime factors of n.
2, 5, 7
Suppose -4*s - 5*q + 29 = 0, 7*s + q = 11*s - 23. Suppose 0 = s*a - 1512 - 2214. List the prime factors of a.
3, 23
Suppose -11*x = -k - 14*x + 12142, 60780 = 5*k + 5*x. What are the prime factors of k?
12163
Suppose -6